{"id":556,"date":"2019-03-21T13:02:38","date_gmt":"2019-03-21T13:02:38","guid":{"rendered":"http:\/\/new.mirgeler.de\/?page_id=556"},"modified":"2025-02-10T09:41:53","modified_gmt":"2025-02-10T09:41:53","slug":"ansprechpartner","status":"publish","type":"page","link":"https:\/\/www.mirgeler.de\/?page_id=556","title":{"rendered":"Ansprechpartner"},"content":{"rendered":"<!-- wp:extendstudio\/materialis--><div  data-label=\"Cta\" data-id=\"cta--1\" data-export-id=\"cta-1-materialis\" data-category=\"cta\" class=\"content-relative content-section content-section-spacing-large cta-1-materialis section-title-col-white-text\" data-section-ov=\"1\" data-parallax-depth=\"20\" id=\"cta-1\" style=\"background-color: rgb(255, 255, 255); background-image: url(&quot;http:\/\/new.mirgeler.de\/wp-content\/uploads\/2019\/03\/14103_640.jpg&quot;); background-size: cover; background-position: center top;\"><div  class=\"section-separator-top\">\n    <svg  class=\"section-separator-top\" data-separator-name=\"triangle-asymmetrical-negative\" preserveAspectRatio=\"none\" viewBox=\"0 0 1000 100\" xmlns=\"http:\/\/www.w3.org\/2000\/svg\">\n        <path  class=\"svg-white-bg\" d=\"M737.9,94.7L0,0v100h1000V0L737.9,94.7z\"><\/path>\n    <\/svg>\n<\/div><div  class=\"gridContainer\"> <div  class=\"row text-center col-sm-padding-medium\"><div  class=\"col-md-6 col-md-offset-3 col-xs-10 col-xs-offset-1 card mdc-elevation--z3 box-padding-lr-small\"> <div  data-type=\"column\" class=\"\"><h2  class=\"\"><span  style=\"font-weight: 700;\"><span  style=\"color: rgb(51, 0, 0);\">Ihre Ansprechpartner<\/span><\/span><\/h2>  <\/div> <\/div><\/div> <\/div><div  class=\"section-separator-bottom\">\n    <svg  xmlns=\"http:\/\/www.w3.org\/2000\/svg\" viewBox=\"0 0 1000 100\" preserveAspectRatio=\"none\" data-separator-name=\"triangle-negative\" class=\"section-separator-bottom\">\n\t<path  class=\"svg-white-bg\" d=\"M500.2,94.7L0,0v100h1000V0L500.2,94.7z\"><\/path>\n<\/svg>\n<\/div><\/div><!-- \/wp:extendstudio\/materialis--><!-- wp:extendstudio\/materialis--><div  data-label=\"Team\" data-id=\"team--1\" data-export-id=\"team-8-materialis\" data-category=\"team\" class=\"team-8m content-section content-section-spacing-large\" id=\"team-1\" style=\"background-color: rgb(245, 250, 253);\"><div  class=\"gridContainer\"> <div  class=\"row space-bottom\"><div  class=\"section-title-col\" data-type=\"column\"> <h2  class=\"\"><span  style=\"font-weight: 700; color: rgb(51, 0, 0);\">Unser Team<\/span><\/h2> <p  class=\"lead\"><span  style=\"color: rgb(51, 0, 0);\">Hier m\u00f6chten wir Ihnen einen Teil unseres Teams vorstellen \u2013 Ihre Ansprechpartner.<\/span><br ><span  style=\"color: rgb(51, 0, 0);\">Bitte benutzen Sie f\u00fcr E-Mails vorrangig unsere Hauptadresse, da nur so gew\u00e4hrleistet ist, dass eine zeitnahe Antwort erfolgt. Die pers\u00f6nlichen Mailadressen, werden <span  style=\"text-decoration: underline;\">nicht<\/span> weiter geleitet.<\/span> <\/p><a  class=\"button null color1 mdc-ripple-upgraded\" href=\"mailto:info@mirgeler.de\" target=\"_self\" data-cp-link=\"1\" data-icon=\"mdi-email\" rel=\"noopener noreferrer\"><span  class=\"button-icon mdi mdi-email\"><\/span>E-Mail<\/a><\/div> <\/div> <div  class=\"row spaced-cols content-left-sm center-sm\" data-type=\"row\" data-max-items=\"4\"> <div  class=\"col-xs-12 col-sm-12 col-md-6 \"> <div  class=\"row\"> <div  class=\"col-xs-12 col-sm-6 col-md-6\"> <div  class=\"card mdc-elevation--z3 no-radius image-holder\" data-fixed=\"true\"> <img  decoding=\"async\" class=\"face no-margin-bottom\" src=\"https:\/\/www.mirgeler.de\/wp-content\/uploads\/2020\/06\/cropped-Hubert-Joithe-1.jpg\"><\/div> <\/div> <div  class=\"col-xs-12 col-sm-6 col-md-6 right-col\"> <div  data-type=\"column\" class=\"description-container use-section-text-color\"> <h4  class=\"no-margin-bottom\"><span  style=\"color: rgb(51, 0, 0);\">Hubert Joithe<\/span><\/h4> <p  class=\"font-300\">Gesch\u00e4ftsf\u00fchrer<\/p> <p  class=\"\"><span  style=\"color: rgb(51, 0, 0);\">Hubert Joithe leitet den <span  style=\"font-weight: 700;\">Au\u00dfendienst<\/span> in unserem Unternehmen.<\/span> Vertriebsleitung, Kunden- und Lieferantenbetreuung und Ein- bzw. Verkauf sind bei Hubert Joithe in sehr guten H\u00e4nden. \n\n<br >\n<br >Unser Seniorchef ist u.a. vom \n<br >Conti-College zertifizierter Industriereifenexperte und von Logitrans und Pramac zertifizierter Monteur.<\/p> <div  class=\"social-icons-group col-no-padding\" data-type=\"group\"> <a  href=\"mailto:hubert.joithe@mirgeler.de\" target=\"_self\" rel=\"noopener noreferrer\"><i  class=\"mdi social-icon mdi-contact-mail color-gray\"><\/i><\/a> <a  href=\"#\" target=\"_self\" data-reiki-hidden=\"true\" rel=\"noopener noreferrer\"><i  class=\"mdi social-icon mdi-twitter color-gray\"><\/i><\/a> <a  href=\"#\" target=\"_self\" data-reiki-hidden=\"true\" rel=\"noopener noreferrer\"><i  class=\"mdi social-icon mdi-instagram color-gray\"><\/i><\/a> <a  href=\"#\" target=\"_self\" data-reiki-hidden=\"true\" rel=\"noopener noreferrer\"><i  class=\"mdi social-icon mdi-rss color-gray\"><\/i><\/a><\/div> <\/div><\/div> <\/div><\/div> <div  class=\"col-xs-12 col-sm-12 col-md-6 \"><div  class=\"row\"> <div  class=\"col-xs-12 col-sm-6 col-md-6\"><div  class=\"card mdc-elevation--z3 no-radius image-holder\" data-fixed=\"true\"> <img  decoding=\"async\" class=\"face no-margin-bottom\" src=\"https:\/\/www.mirgeler.de\/wp-content\/uploads\/2019\/07\/cropped-MiJo_2019-1.jpg\"><\/div> <\/div> <div  class=\"col-xs-12 col-sm-6 col-md-6 right-col\"> <div  data-type=\"column\" class=\"description-container use-section-text-color\"> <h4  class=\"no-margin-bottom\"><span  style=\"color: rgb(51, 0, 0);\">Michael Joithe<\/span><\/h4> <p  class=\"font-300\">Gesellschafter<\/p>  <div  class=\"social-icons-group col-no-padding\" data-type=\"group\"> <a  href=\"https:\/\/fb.me\/michaeljoithe\" target=\"_self\" data-reiki-hidden=\"true\" class=\"\" rel=\"noopener noreferrer\"><i  class=\"mdi social-icon mdi-facebook color-gray\"><\/i><\/a> <a  href=\"mailto:michael.joithe@mirgeler.de\" target=\"_self\" rel=\"noopener noreferrer\"><i  class=\"mdi social-icon mdi-contact-mail color-gray\"><\/i><\/a> <a  href=\"#\" target=\"_self\" data-reiki-hidden=\"true\" rel=\"noopener noreferrer\"><i  class=\"mdi social-icon mdi-instagram color-gray\"><\/i><\/a> <a  href=\"#\" target=\"_self\" data-reiki-hidden=\"true\" rel=\"noopener noreferrer\"><i  class=\"mdi social-icon mdi-rss color-gray\"><\/i><\/a><\/div> <\/div><\/div> <\/div><\/div> <div  class=\"col-xs-12 col-sm-12 col-md-6 \"><div  class=\"row\"> <div  class=\"col-xs-12 col-sm-6 col-md-6\"><div  class=\"card mdc-elevation--z3 no-radius image-holder\" data-fixed=\"true\"> <img  decoding=\"async\" class=\"face no-margin-bottom\" src=\"https:\/\/www.mirgeler.de\/wp-content\/uploads\/2019\/07\/cropped-MaJo.jpg\"><\/div> <\/div> <div  class=\"col-xs-12 col-sm-6 col-md-6 right-col\"> <div  data-type=\"column\" class=\"description-container use-section-text-color\"> <h4  class=\"no-margin-bottom\"><span  style=\"color: rgb(51, 0, 0);\">Marita Joithe<\/span><\/h4> <p  class=\"font-300\">Leitung Buchhaltung<\/p> <p  class=\"\"><span  style=\"color: rgb(51, 0, 0);\">Marita Joithe ist Ihre Ansprechpartnerin f\u00fcr alle Fragen rund um die <span  style=\"font-weight: 700;\">Buchhaltung<\/span> in unserem Unternehmen. \n<\/span><br >\n<br >Daneben unterst\u00fctzt Sie in der Administration.<\/p> <div  class=\"social-icons-group col-no-padding\" data-type=\"group\"> <a  href=\"mailto:marita.joithe@mirgeler.de\" target=\"_self\" rel=\"noopener noreferrer\"><i  class=\"mdi social-icon mdi-contact-mail color-gray\"><\/i><\/a> <a  href=\"#\" target=\"_self\" data-reiki-hidden=\"true\" rel=\"noopener noreferrer\"><i  class=\"mdi social-icon mdi-twitter color-gray\"><\/i><\/a> <a  href=\"#\" target=\"_self\" data-reiki-hidden=\"true\" rel=\"noopener noreferrer\"><i  class=\"mdi social-icon mdi-instagram color-gray\"><\/i><\/a> <a  href=\"#\" target=\"_self\" data-reiki-hidden=\"true\" rel=\"noopener noreferrer\"><i  class=\"mdi social-icon mdi-rss color-gray\"><\/i><\/a><\/div> <\/div><\/div> <\/div><\/div>  <\/div><\/div> <\/div><!-- \/wp:extendstudio\/materialis--><!-- wp:extendstudio\/materialis--><div  data-label=\"Cta\" data-id=\"cta--2\" data-export-id=\"cta-1-materialis\" data-category=\"cta\" class=\"content-relative content-section content-section-spacing-large cta-1-materialis section-title-col-white-text\" data-section-ov=\"1\" data-parallax-depth=\"20\" id=\"cta-2\" style=\"background-color: rgb(255, 255, 255); background-image: url(&quot;http:\/\/new.mirgeler.de\/wp-content\/uploads\/2019\/03\/IMG_0541.jpg&quot;); background-size: cover; background-position: center top;\"><div  class=\"gridContainer\"> <div  class=\"row text-center col-sm-padding-medium\"><div  class=\"col-md-6 col-md-offset-3 col-xs-10 col-xs-offset-1 card mdc-elevation--z3 box-padding-lr-small\"> <div  data-type=\"column\" class=\"\"><h2  class=\"\"><span  style=\"font-weight: 700; color: rgb(51, 0, 0);\">Technischer Au\u00dfendienst<\/span><\/h2> <p  class=\"\"><span  style=\"font-style: italic; font-weight: 500; color: rgb(51, 0, 0);\">F\u00fcr Sie vor Ort sind auch unsere weiteren technischen Mitarbeiter. <\/span>\n<br >\n<br >Wer auch immer im Namen unseres Unternehmens zu Ihnen kommt, wird Sie in technischen Fragen beraten k\u00f6nnen, identifiziert Ersatzteile f\u00fcr Sie, nimmt technische Details auf oder f\u00fchrt Montagen direkt bei Ihnen vor Ort durch.\n<br >\n<br >Unsere Mitarbeiter nehmen gerne auch vor Ort Ihre Bestellungen entgegen und unterst\u00fctzen Sie bei der Suche nach Fehlern.<\/p> <\/div> <\/div><\/div> <\/div><\/div><!-- \/wp:extendstudio\/materialis-->","protected":false},"excerpt":{"rendered":"<p>Ihre Ansprechpartner Unser Team Hier m\u00f6chten wir Ihnen einen Teil unseres Teams vorstellen \u2013 Ihre Ansprechpartner.Bitte benutzen Sie f\u00fcr E-Mails vorrangig unsere Hauptadresse, da nur so gew\u00e4hrleistet ist, dass eine zeitnahe Antwort erfolgt. Die pers\u00f6nlichen Mailadressen, werden nicht weiter geleitet. E-Mail Hubert Joithe Gesch\u00e4ftsf\u00fchrer Hubert Joithe leitet den Au\u00dfendienst in unserem Unternehmen. Vertriebsleitung, Kunden- und&nbsp;&hellip;<\/p>\n","protected":false},"author":1,"featured_media":0,"parent":551,"menu_order":0,"comment_status":"closed","ping_status":"closed","template":"pro\/page-templates\/full-width-page.php","meta":{"footnotes":""},"class_list":["post-556","page","type-page","status-publish","hentry"],"_links":{"self":[{"href":"https:\/\/www.mirgeler.de\/index.php?rest_route=\/wp\/v2\/pages\/556","targetHints":{"allow":["GET"]}}],"collection":[{"href":"https:\/\/www.mirgeler.de\/index.php?rest_route=\/wp\/v2\/pages"}],"about":[{"href":"https:\/\/www.mirgeler.de\/index.php?rest_route=\/wp\/v2\/types\/page"}],"author":[{"embeddable":true,"href":"https:\/\/www.mirgeler.de\/index.php?rest_route=\/wp\/v2\/users\/1"}],"replies":[{"embeddable":true,"href":"https:\/\/www.mirgeler.de\/index.php?rest_route=%2Fwp%2Fv2%2Fcomments&post=556"}],"version-history":[{"count":31,"href":"https:\/\/www.mirgeler.de\/index.php?rest_route=\/wp\/v2\/pages\/556\/revisions"}],"predecessor-version":[{"id":1360,"href":"https:\/\/www.mirgeler.de\/index.php?rest_route=\/wp\/v2\/pages\/556\/revisions\/1360"}],"up":[{"embeddable":true,"href":"https:\/\/www.mirgeler.de\/index.php?rest_route=\/wp\/v2\/pages\/551"}],"wp:attachment":[{"href":"https:\/\/www.mirgeler.de\/index.php?rest_route=%2Fwp%2Fv2%2Fmedia&parent=556"}],"curies":[{"name":"wp","href":"https:\/\/api.w.org\/{rel}","templated":true}]}}