{"id":633,"date":"2019-03-22T09:48:44","date_gmt":"2019-03-22T09:48:44","guid":{"rendered":"http:\/\/new.mirgeler.de\/?page_id=633"},"modified":"2023-03-20T22:13:43","modified_gmt":"2023-03-20T22:13:43","slug":"verantwortung","status":"publish","type":"page","link":"https:\/\/www.mirgeler.de\/?page_id=633","title":{"rendered":"Wirtschaftsjunioren"},"content":{"rendered":"<p ><!-- CloudPress Companion Preview Data START --><\/p><div  data-label=\"WJ\" data-id=\"content--1\" data-export-id=\"content-5-materialis\" data-category=\"content\" class=\"content-5m content-section-spacing-large content-section content-relative\" id=\"wj\" style=\"background-color: rgb(245, 250, 253);\"><div  class=\"section-separator-top\">\n    <svg  xmlns=\"http:\/\/www.w3.org\/2000\/svg\" viewBox=\"0 0 1000 100\" preserveAspectRatio=\"none\" data-separator-name=\"triangle-asymmetrical\" class=\"section-separator-top\">\n\t<path  class=\"svg-white-bg\" d=\"M738,99l262-93V0H0v5.6L738,99z\"><\/path>\n<\/svg>\n<\/div><div  class=\"gridContainer\"> <div  class=\"row\"><div  class=\"col-xs-12 col-sm-8 col-sm-offset-2 space-bottom text-center col-padding-small-xs\" data-type=\"column\"> <img  decoding=\"async\" class=\"mdc-elevation--z13 rounded\" src=\"http:\/\/new.mirgeler.de\/wp-content\/uploads\/2019\/03\/cropped-wj.jpg\"><\/div> <div  class=\"col-xs-12 text-center large\" data-type=\"column\"><h2  class=\"space-bottom\"><span  style=\"font-weight: 700; color: rgb(0, 25, 188);\">Wirtschaftsjunioren Deutschland \u2013 JCI Germany<\/span><\/h2> <p  class=\"lead\"><span  style=\"font-weight: 400; color: rgb(0, 25, 188);\">Die <span  style=\"font-weight: 900;\">Wirtschaftsjunioren (WJ) KJU-Iserlohn<\/span> sind eine Vereinigung von jungen Unternehmern und F\u00fchrungskr\u00e4ften mit rund 170 Mitgliedern aus allen Bereichen der Wirtschaft. Das Kreisgebiet umfasst die St\u00e4dte Iserlohn, Hemer, Menden und Balve. Der KJU-Iserlohn geh\u00f6rt den <span  style=\"font-weight: 900;\">Wirtschaftsjunioren Deutschland<\/span> (WJD) an, diese bilden mit mehr als 10.000 aktiven Mitgliedern den gr\u00f6\u00dften Verband von Unternehmern und F\u00fchrungskr\u00e4ften unter 40 Jahren. Bundesweit verantworten die Wirtschaftsjunioren bei einer Wirtschaftskraft von mehr als 120 Mrd. Euro Umsatz rund 300.000 Arbeits- und 35.000 Ausbildungspl\u00e4tze. Der Bundesverband WJD ist seit 1958 Mitglied der mehr als 100 Nationalverb\u00e4nde umfassenden \n<br ><span  style=\"font-weight: 900;\">Junior Chamber International (JCI)<\/span>.<\/span><\/p> <\/div> <\/div><\/div> <\/div><!-- CloudPress Companion Preview Data START --><div  data-label=\"Content\" data-id=\"content--3\" data-export-id=\"content-6-2\" data-category=\"content\" class=\"content-6-2 content-section content-section-spacing-large content-relative\" id=\"content-2\" style=\"background-color: rgb(245, 250, 253);\"><div  class=\"section-separator-top\">\n    <svg  class=\"section-separator-top\" data-separator-name=\"triangle-asymmetrical-negative\" preserveAspectRatio=\"none\" viewBox=\"0 0 1000 100\" xmlns=\"http:\/\/www.w3.org\/2000\/svg\">\n        <path  class=\"svg-white-bg\" d=\"M737.9,94.7L0,0v100h1000V0L737.9,94.7z\"><\/path>\n    <\/svg>\n<\/div><div  class=\"gridContainer\"><div  data-section-title-area=\"true\" class=\"row text-center\">   <div  class=\"section-title-col\" data-type=\"column\">       <h2  class=\"\">Michael Joithe<\/h2>       <p  class=\"lead\"><span  style=\"font-weight: 700;\">Unser Gesellschafter ist seit 2004 Mitglied beim gr\u00f6\u00dften deutschen Verband junger Unternehmer und F\u00fchrungskr\u00e4fte, den Wirtschaftsjunioren Deutschland.<\/span><\/p>   <\/div><\/div>  <div  class=\"row middle-sm\"> <div  class=\"col-xs-12 col-sm-6 flexbox around-xs top-xs\"> <div  class=\"overlay-box flexbox middle-xs center-xs overlay-holder\"> <div  class=\"overlay-box-offset offset-border mdc-elevation--z5 border-color1 hide-xs border-radius-8\"><\/div> <img  decoding=\"async\" class=\"flexbox mdc-elevation--z10 img1 rounded\" src=\"http:\/\/new.mirgeler.de\/wp-content\/uploads\/2019\/03\/cropped-MiJo2017_WJ_Badge.jpg\"><\/div> <\/div> <div  class=\"col-xs-12 col-sm-6 space-top-xs reverted-class\"> <div  class=\"row\"> <div  class=\"col-xs-12 space-bottom\" data-type=\"column\">  <p  class=\"\"><span  style=\"color: rgb(0, 25, 188);\">Von 2012-2016 war Michael Joithe gew\u00e4hltes Landesvorstandsmitglied der Wirtschaftsjunioren NRW. Im Jahr 2013 wurde er zum stellvertretenden Vorsitzenden gew\u00e4hlt und war im Jahr 2014 Landesvorsitzender des mit rund 2.700 Mitgliedern zweitgr\u00f6\u00dften Landesverbandes der Wirtschaftsjunioren Deutschland.\n<\/span><br ><br ><span  style=\"color: rgb(0, 25, 188);\">\nIn den Jahren 2006-2011 war er Vorstandsmitglied im WJ-Kreisverband KJU-Iserlohn und in den Jahren 2009 und 2010 repr\u00e4sentierte er als Vorsitzender den Kreis junger Unternehmer nach au\u00dfen und innen. Aktuell arbeitet Michael Joithe aktiv im Arbeitskreis \u201eHaus der kleinen Forscher\u201c des KJU-Iserlohn mit, welcher mit diesem Projket in Kooperation mit der SIHK \u00fcber 80 Kindertagsst\u00e4tten in der fr\u00fchkindlichen Bildung unterst\u00fctzt.\n<\/span><br ><br ><span  style=\"color: rgb(0, 25, 188);\">\nMichael Joithe vertritt die Wirtschaftsjunioren in mehreren regionalen Bildungsb\u00fcndnissen (RBN MK, etc.) und repr\u00e4sentierte die Wirtschaftsjunioren NRW von 2011 bis 2016 im Rundfunkrat des Westdeutschen Rundfunks (WDR). <\/span><br ><br ><span  style=\"color: rgb(0, 25, 188);\">\nEhrenamtliches und gesellschaftliches Engagement ist f\u00fcr Michael Joithe eine Selbstverst\u00e4ndlichkeit. \n<br >\n<br >Seit 2010 ist er Tr\u00e4ger der \u201eGoldenen Juniorennadel\u201c, der h\u00f6chsten Auszeichnung der Wirtschaftsjunioren Deutschland.<\/span><\/p><\/div> <div  class=\"col-xs-12\" data-type=\"row\" data-max-items=\"4\">  <div  class=\"row space-bottom\"> <div  class=\"col-xs-12 col-sm-12 col-md-fit\" data-fixed=\"true\"> <i  class=\"mdi icon mdi-account bordered round normal-size color1\"><\/i><\/div> <div  class=\"col-xs-12 col-sm-12 col-md\" data-type=\"column\"><p  class=\"\"><span  style=\"font-style: italic;\">Am 08.05.2015 wurde unserem Gesch\u00e4ftsf\u00fchrer, Michael Joithe, f\u00fcr sein herausragendes ehrenamtliches Engagement von der Junior Chamber International (JCI) die Senatorenw\u00fcrde verliehen.<\/span><br ><span  style=\"font-style: italic;\">\nDie Senatorenehre, die auch die lebenslange Mitgliedschaft in dieser weltweiten Vereinigung einschlie\u00dft, wurde seit 1952 weltweit an rd. 72.000 Senatorinnen und Senatoren verliehen. \n<\/span><br ><span  style=\"font-style: italic;\">In Deutschland wurden die ersten vier Senatoren im Jahre 1961 ernannt. Seither ist die Gemeinschaft der deutschen Senatoren kontinuierlich auf aktuell rund 1000 Mitglieder angewachsen.<\/span><\/p><a class=\"button null color6 mdc-ripple-upgraded\" href=\"https:\/\/wjdsenatoren.de?action=*Ernennungsrichtlinien\" target=\"lightbox\" data-cp-link=\"1\" data-icon=\"\" rel=\"noopener\">Senatorenvereinigung<\/a> <img  decoding=\"async\" class=\"custom-image\" src=\"http:\/\/new.mirgeler.de\/wp-content\/uploads\/2019\/03\/cropped-logo_jci_senator_ger_160-1.jpg\"><\/div> <\/div><\/div> <\/div><\/div> <\/div><\/div> <div  class=\"section-separator-bottom\">\n    <svg  class=\"section-separator-bottom\" data-separator-name=\"triangle-asymmetrical-negative\" preserveAspectRatio=\"none\" viewBox=\"0 0 1000 100\" xmlns=\"http:\/\/www.w3.org\/2000\/svg\">\n        <path  class=\"svg-white-bg\" d=\"M737.9,94.7L0,0v100h1000V0L737.9,94.7z\"><\/path>\n    <\/svg>\n<\/div><\/div><!-- CloudPress Companion Preview Data START --><div  data-label=\"Info\" data-id=\"cta--1\" data-export-id=\"cta-centered-bg-section\" data-category=\"cta\" data-section-ov=\"1\" class=\"cta-centered-bg-section content-section content-section-spacing-large white-text\" data-parallax-depth=\"20\" id=\"info\" style=\"background-color: rgb(255, 255, 255); background-image: url(&quot;http:\/\/new.mirgeler.de\/wp-content\/uploads\/2019\/03\/Gluehbirnen_2007.jpg&quot;); background-size: cover; background-position: center top;\"><div  class=\"gridContainer\"><div  data-section-title-area=\"true\" class=\"row text-center\">   <div  class=\"section-title-col\" data-type=\"column\">       <h2  class=\"\"><span  style=\"font-weight: 500;\">UNTERNEHMER + VERANTWORTUNG = WIRTSCHAFTSJUNIOR!<\/span><\/h2>       <p  class=\"lead\">\u201eWir haben als Unternehmer eine exponierte Stellung. Daraus resultiert aber auch die Verantwortung der Gesellschaft und der Region etwas zur\u00fcckzugeben.\u201c \u2013 Michael Joithe<\/p>   <\/div><\/div> <div  class=\"row text-center\"><div  class=\"col-xs-12\" data-type=\"column\"><div  data-editable=\"true\" data-name=\"materialis-widgets-area\" data-content-shortcode=\"materialis_display_widgets_area id=&quot;null&quot; \" class=\"\"><div data-name=\"materialis-widgets-area\"><\/div><\/div>  <\/div> <\/div><\/div> <\/div><div  data-label=\"Overlappable\" data-id=\"overlappable--1\" data-export-id=\"overlappable-4\" data-category=\"overlappable\" class=\"overlappable-4 content-section content-section-spacing-large\" data-overlap=\"true\" id=\"overlappable-1\" style=\"background-color: rgb(255, 255, 255);\"><div  class=\"gridContainer\"> <div  data-type=\"row\" class=\"row spaced-cols text-center\"><div  class=\"col-xs-12 col-sm-4 col-md-3 \"> <i  class=\"mdi icon aligncenter mdi-help-network reverse round large color6\"><\/i> <div  data-type=\"column\" class=\"\"> <h5  class=\"\">KJU Iserlohn<\/h5> <a class=\"button null small color6 mdc-ripple-upgraded\" href=\"https:\/\/www.kju-iserlohn.de\" target=\"lightbox\" data-cp-link=\"1\" data-icon=\"\" rel=\"noopener noreferrer\">KJU<\/a><\/div> <\/div> <div  class=\"col-xs-12 col-sm-4 col-md-3 \"> <i  class=\"mdi icon aligncenter mdi-help-network reverse round large color6\"><\/i> <div  data-type=\"column\" class=\"\"><h5  class=\"\">Wirtschaftsjunioren \n<br >Nordrhein-Westfalen<\/h5> <a class=\"button null mdc-ripple-upgraded small color6\" href=\"http:\/\/www.wjnrw.de\" target=\"lightbox\" data-cp-link=\"1\" data-icon=\"\" rel=\"noopener noreferrer\">WJ NRW<\/a><\/div> <\/div> <div  class=\"col-xs-12 col-sm-4 col-md-3 \"> <i  class=\"mdi icon aligncenter mdi-help-network reverse round large color6\"><\/i> <div  data-type=\"column\" class=\"\"><h5  class=\"\">Wirtschaftsjunioren Deutschland<\/h5> <a class=\"button small null color6 mdc-ripple-upgraded\" href=\"https:\/\/wjd.de\" target=\"lightbox\" data-cp-link=\"1\" data-icon=\"\" rel=\"noopener noreferrer\">WJD<\/a><\/div> <\/div><div  class=\"col-xs-12 col-sm-4 col-md-3 \"> <i  class=\"mdi icon aligncenter mdi-help-network reverse round large color6\"><\/i> <div  data-type=\"column\" class=\"\"> <h5  class=\"\">Junior Chamber International<\/h5> <a class=\"button null small color6 mdc-ripple-upgraded\" href=\"https:\/\/jci.cc\" target=\"lightbox\" data-cp-link=\"1\" data-icon=\"\" rel=\"noopener noreferrer\">JCI<\/a><\/div> <\/div><\/div> <\/div><\/div>","protected":false},"excerpt":{"rendered":"","protected":false},"author":1,"featured_media":0,"parent":684,"menu_order":2,"comment_status":"closed","ping_status":"closed","template":"pro\/page-templates\/full-width-page.php","meta":{"footnotes":""},"class_list":["post-633","page","type-page","status-publish","hentry"],"_links":{"self":[{"href":"https:\/\/www.mirgeler.de\/index.php?rest_route=\/wp\/v2\/pages\/633","targetHints":{"allow":["GET"]}}],"collection":[{"href":"https:\/\/www.mirgeler.de\/index.php?rest_route=\/wp\/v2\/pages"}],"about":[{"href":"https:\/\/www.mirgeler.de\/index.php?rest_route=\/wp\/v2\/types\/page"}],"author":[{"embeddable":true,"href":"https:\/\/www.mirgeler.de\/index.php?rest_route=\/wp\/v2\/users\/1"}],"replies":[{"embeddable":true,"href":"https:\/\/www.mirgeler.de\/index.php?rest_route=%2Fwp%2Fv2%2Fcomments&post=633"}],"version-history":[{"count":30,"href":"https:\/\/www.mirgeler.de\/index.php?rest_route=\/wp\/v2\/pages\/633\/revisions"}],"predecessor-version":[{"id":1181,"href":"https:\/\/www.mirgeler.de\/index.php?rest_route=\/wp\/v2\/pages\/633\/revisions\/1181"}],"up":[{"embeddable":true,"href":"https:\/\/www.mirgeler.de\/index.php?rest_route=\/wp\/v2\/pages\/684"}],"wp:attachment":[{"href":"https:\/\/www.mirgeler.de\/index.php?rest_route=%2Fwp%2Fv2%2Fmedia&parent=633"}],"curies":[{"name":"wp","href":"https:\/\/api.w.org\/{rel}","templated":true}]}}